 of 26?
True
Is 1404 a multiple of 115?
False
Is 222 a multiple of 2?
True
Does 3 divide 215?
False
Is 55 a factor of 660?
True
Is 2911 a multiple of 18?
False
Is 804 a multiple of 72?
False
Is 14 a factor of 294?
True
Is 43552 a multiple of 184?
False
Does 38 divide 6156?
True
Is 64564 a multiple of 15?
False
Is 2579 a multiple of 60?
False
Is 134095 a multiple of 13?
True
Is 20008 a multiple of 7?
False
Does 55 divide 23210?
True
Is 2133 a multiple of 5?
False
Is 66 a factor of 2112?
True
Does 5 divide 245?
True
Does 10 divide 3950?
True
Is 1942 a multiple of 58?
False
Is 718 even?
True
Is 1015 a multiple of 12?
False
Is 291 a multiple of 21?
False
Is 9 a factor of 554?
False
Is 25 a factor of 9974?
False
Is 1007 a multiple of 11?
False
Does 6 divide 21036?
True
Is 672 a multiple of 62?
False
Is 24 a factor of 163?
False
Does 267 divide 60876?
True
Is 21 a factor of 14953?
False
Is 1111 a multiple of 18?
False
Is 26990 a multiple of 318?
False
Is 7752 a multiple of 4?
True
Is 8822 a multiple of 16?
False
Is 980 a multiple of 13?
False
Does 3 divide 120?
True
Does 38 divide 12160?
True
Is 44 a factor of 812?
False
Does 25 divide 2975?
True
Is 1801 a multiple of 11?
False
Is 2970 a multiple of 11?
True
Does 56 divide 9576?
True
Is 44 a factor of 528?
True
Is 9 a factor of 10647?
True
Is 16 a factor of 336?
True
Is 50 a factor of 779?
False
Is 2780 a multiple of 10?
True
Is 465 a multiple of 5?
True
Is 85 a factor of 10030?
True
Does 15 divide 195?
True
Is 8 a factor of 2192?
True
Is 9 a factor of 25155?
True
Is 1066 a multiple of 56?
False
Is 5 a factor of 24849?
False
Is 865 a multiple of 7?
False
Does 11 divide 1824?
False
Is 9198 a multiple of 7?
True
Is 6 a factor of 512?
False
Is 7182 a multiple of 133?
True
Is 6 a multiple of 2?
True
Does 112 divide 66874?
False
Is 90 a factor of 4159?
False
Is 81 a factor of 856?
False
Is 14238 a multiple of 21?
True
Does 40 divide 12528?
False
Does 60 divide 16620?
True
Is 67787 a multiple of 53?
True
Is 12 a factor of 896?
False
Is 3 a factor of 1525?
False
Is 766 a multiple of 5?
False
Is 35024 a multiple of 176?
True
Is 897 a multiple of 47?
False
Is 74709 a multiple of 12?
False
Is 119 a factor of 38873?
False
Does 40 divide 2360?
True
Is 75 a factor of 375?
True
Does 10 divide 160?
True
Is 9 a factor of 3368?
False
Is 174 a factor of 4863?
False
Is 11 a factor of 70760?
False
Is 123 a factor of 58548?
True
Does 18 divide 8341?
False
Is 6 a factor of 4704?
True
Is 17 a factor of 77756?
False
Is 570 a multiple of 19?
True
Does 17 divide 804?
False
Does 11 divide 1232?
True
Is 22785 a multiple of 111?
False
Does 6 divide 87?
False
Does 20 divide 8620?
True
Does 64 divide 1090?
False
Is 2 a factor of 136?
True
Does 293 divide 94346?
True
Is 19056 a multiple of 8?
True
Does 32 divide 15296?
True
Does 42 divide 4956?
True
Is 10 a factor of 49675?
False
Is 488 a multiple of 61?
True
Is 14 a factor of 42280?
True
Is 166 a factor of 7303?
False
Is 42 a factor of 27513?
False
Does 30 divide 15143?
False
Does 30 divide 1666?
False
Does 72 divide 25618?
False
Is 7 a factor of 5033?
True
Is 87 a factor of 22446?
True
Does 10 divide 4360?
True
Does 32 divide 6700?
False
Is 40881 a multiple of 32?
False
Is 2 a factor of 1855?
False
Is 133 a multiple of 21?
False
Does 23 divide 207?
True
Is 5 a factor of 2319?
False
Is 4753 a multiple of 49?
True
Is 248 a multiple of 4?
True
Is 15 a factor of 84900?
True
Is 12 a factor of 2684?
False
Does 31 divide 4143?
False
Is 5 a factor of 1231?
False
Does 27 divide 25380?
True
Is 4 a factor of 691?
False
Does 14 divide 13547?
False
Is 84 a factor of 16902?
False
Is 53 a factor of 61919?
False
Is 16093 a multiple of 11?
True
Is 16 a factor of 3643?
False
Is 316 a multiple of 8?
False
Is 127 a factor of 19976?
False
Is 166 even?
True
Does 58 divide 2320?
True
Is 7078 a multiple of 29?
False
Is 3 a factor of 2247?
True
Is 1424 a multiple of 8?
True
Is 12600 a multiple of 28?
True
Is 173 a multiple of 5?
False
Does 42 divide 25200?
True
Is 22 a factor of 154?
True
Is 5 a factor of 7492?
False
Is 1711 a multiple of 59?
True
Is 23 a factor of 1826?
False
Does 23 divide 414?
True
Is 2886 a multiple of 26?
True
Does 150 divide 6139?
False
Is 70 a factor of 18476?
False
Is 6370 a multiple of 10?
True
Does 11 divide 10317?
False
Is 496 a multiple of 31?
True
Is 8 a factor of 192?
True
Is 1017 a multiple of 43?
False
Does 13 divide 997?
False
Is 90168 a multiple of 408?
True
Does 10 divide 5371?
False
Is 16 a factor of 44441?
False
Is 10180 a multiple of 20?
True
Is 6 a factor of 164?
False
Is 81 a factor of 21275?
False
Does 18 divide 344?
False
Does 3 divide 39?
True
Is 799 a multiple of 23?
False
Is 14 a factor of 2548?
True
Is 3 a factor of 108?
True
Does 16 divide 2144?
True
Is 16987 a multiple of 193?
False
Is 9898 a multiple of 14?
True
Is 490 a multiple of 14?
True
Is 2641 a multiple of 5?
False
Is 47 a factor of 260?
False
Is 1074 a multiple of 14?
False
Is 585 a multiple of 55?
False
Is 24 a factor of 192?
True
Is 1016 a multiple of 4?
True
Does 82 divide 1066?
True
Is 10 a factor of 1260?
True
Is 120 a factor of 2717?
False
Is 40111 a multiple of 30?
False
Is 58139 a multiple of 225?
False
Does 6 divide 4692?
True
Does 8 divide 723?
False
Does 6 divide 190?
False
Does 5 divide 1256?
False
Is 207 a multiple of 3?
True
Does 41 divide 9306?
False
Is 14 a factor of 5544?
True
Is 6 a factor of 342?
True
Does 96 divide 1994?
False
Does 3 divide 395?
False
Does 23 divide 7337?
True
Does 22 divide 2125?
False
Does 64 divide 17033?
False
Is 15 a factor of 1449?
False
Is 17 a factor of 798?
False
Is 39 a factor of 351?
True
Is 6680 a multiple of 56?
False
Is 7344 a multiple of 51?
True
Is 18632 a multiple of 12?
False
Is 16 a factor of 1366?
False
Does 5 divide 4477?
False
Does 107 divide 6364?
False
Is 9 a factor of 257?
False
Is 15 a factor of 10211?
False
Is 5 a factor of 1240?
True
Does 14 divide 308?
True
Does 29 divide 9134?
False
Is 48750 a multiple of 78?
True
Is 13249 a multiple of 63?
False
Is 39606 a multiple of 21?
True
Does 136 divide 33456?
True
Does 42 divide 10920?
True
Is 3120 a multiple of 103?
False
Is 91 a factor of 14833?
True
Does 111 divide 5143?
False
Is 11 a factor of 891?
True
Is 22 a factor of 5288?
False
Is 9424 a multiple of 124?
True
Is 49292 a multiple of 33?
False
Is 1936 a multiple of 5?
False
Does 36 divide 1825?
False
Does 91 divide 2983?
False
Is 58685 a multiple of 11?
True
Is 1677 a multiple of 13?
True
Is 17150 a multiple of 70?
True
Does 177 divide 61773?
True
Is 17 a factor of 2653?
False
Is 10170 a multiple of 45?
True
Is 2396 a multiple of 4?
True
Is 2070 a multiple of 5?
True
Does 12 divide 162639?
False
Is 13 a factor of 598?
True
Does 23 divide 39?
False
Is 38 a factor of 2888?
True
Is 257 a multiple of 6?
False
Is 19 a factor of 38038?
True
Is 12 a factor of 4127?
False
Is 5 a factor of 745?
True
Is 54 a factor of 78898?
False
Does 52 divide 832?
True
Is 31 a factor of 104?
False
Is 24 a multiple of 24?
True
Does 26 divide 17732?
True
Is 86 a factor of 1118?
True
Is 16 a factor of 52384?
True
Does 87 divide 5829?
True
Is 61 a factor of 1104?
False
Is 83 even?
False
Is 5124 a multiple of 28?
True
Is 76350 a multiple of 150?
True
Is 8 a factor of 10552?
True
Is 48 a factor of 42727?
False
Is 26 a factor of 95290?
True
Does 13 divide 3797?
False
Is 97 a factor of 2634?
False
Does 48 divide 56?
False
Does 8 divide 630?
False
Is 182 a multiple of 14?
True
Is 585 a multiple of 15?
True
Does 13 divide 156?
True
Does 127 divide 762?
True
Is 17 a factor of 91?
False
Is 10 a factor of 3780?
True
Does 7 divide 987?
True
Is 86 a multiple of 3?
False
Is 19 a factor of 13674?
False
Is 36795 a multiple of 23?
False
Is 1968 a multiple of 82?
True
Is 52 a factor of 8164?
True
Is 6 a factor of 2256?
True
Does 47 divide 987?
True
Is 47 a multiple of 4?
False
Does 61 divide 3005?
False
Is 57 a factor of 5344?
False
Does 77 divide 1142?
False
Does 37 divide 6163?
False
Is 43 a factor of 1505?
True
Is 13150 a multiple of 25?
True
Is 7 a factor of 7966?
True
Does 16 divide 1897?
False
Is 1980 a multiple of 44?
True
Is 368 a multiple of 6?
False
Is 35 a factor of 1071?
False
Is 22 a factor of 3027?
False
Does 7 divide 778?
False
Does 27 divide 7100?
False
I